it of 167207?
7
What is the units digit of 216?
6
What is the thousands digit of 41371?
1
What is the thousands digit of 102275?
2
What is the units digit of 23536?
6
What is the hundreds digit of 7210?
2
What is the hundreds digit of 397?
3
What is the units digit of 10402?
2
What is the hundreds digit of 1294?
2
What is the tens digit of 3956?
5
What is the hundreds digit of 80129?
1
What is the tens digit of 4520?
2
What is the tens digit of 18178?
7
What is the tens digit of 573?
7
What is the hundred thousands digit of 127728?
1
What is the units digit of 38133?
3
What is the tens digit of 8617?
1
What is the hundreds digit of 3808?
8
What is the tens digit of 2546?
4
What is the units digit of 25580?
0
What is the units digit of 8098?
8
What is the thousands digit of 5608?
5
What is the tens digit of 24363?
6
What is the units digit of 56137?
7
What is the hundreds digit of 44525?
5
What is the thousands digit of 1197?
1
What is the tens digit of 3199?
9
What is the tens digit of 27422?
2
What is the tens digit of 287?
8
What is the hundreds digit of 2961?
9
What is the hundreds digit of 11495?
4
What is the thousands digit of 1098?
1
What is the thousands digit of 5326?
5
What is the tens digit of 92884?
8
What is the tens digit of 372?
7
What is the tens digit of 26124?
2
What is the units digit of 386?
6
What is the hundreds digit of 88156?
1
What is the thousands digit of 133852?
3
What is the ten thousands digit of 54746?
5
What is the hundreds digit of 46834?
8
What is the thousands digit of 73337?
3
What is the hundreds digit of 38625?
6
What is the units digit of 14104?
4
What is the tens digit of 73442?
4
What is the hundreds digit of 3638?
6
What is the tens digit of 14868?
6
What is the thousands digit of 3221?
3
What is the units digit of 30603?
3
What is the tens digit of 6072?
7
What is the units digit of 2751?
1
What is the units digit of 1?
1
What is the units digit of 860?
0
What is the hundreds digit of 73175?
1
What is the units digit of 76168?
8
What is the hundreds digit of 49663?
6
What is the thousands digit of 41734?
1
What is the thousands digit of 3163?
3
What is the tens digit of 4364?
6
What is the thousands digit of 8066?
8
What is the tens digit of 59223?
2
What is the tens digit of 14675?
7
What is the thousands digit of 16594?
6
What is the tens digit of 2750?
5
What is the tens digit of 3411?
1
What is the ten thousands digit of 27310?
2
What is the ten thousands digit of 97496?
9
What is the tens digit of 21257?
5
What is the units digit of 72642?
2
What is the tens digit of 353?
5
What is the units digit of 506?
6
What is the ten thousands digit of 33192?
3
What is the ten thousands digit of 45048?
4
What is the hundreds digit of 35587?
5
What is the units digit of 1252?
2
What is the ten thousands digit of 10473?
1
What is the thousands digit of 5663?
5
What is the units digit of 1540?
0
What is the tens digit of 1119?
1
What is the hundreds digit of 134?
1
What is the tens digit of 17907?
0
What is the hundreds digit of 288?
2
What is the tens digit of 1869?
6
What is the thousands digit of 63718?
3
What is the ten thousands digit of 85469?
8
What is the units digit of 43?
3
What is the ten thousands digit of 78502?
7
What is the units digit of 190?
0
What is the hundreds digit of 35422?
4
What is the units digit of 37511?
1
What is the tens digit of 1485?
8
What is the thousands digit of 10980?
0
What is the units digit of 12623?
3
What is the units digit of 3345?
5
What is the hundreds digit of 169368?
3
What is the ten thousands digit of 23088?
2
What is the units digit of 83?
3
What is the thousands digit of 147149?
7
What is the hundreds digit of 872?
8
What is the thousands digit of 24348?
4
What is the tens digit of 40046?
4
What is the tens digit of 15186?
8
What is the thousands digit of 1509?
1
What is the hundreds digit of 1364?
3
What is the units digit of 210?
0
What is the units digit of 2010?
0
What is the thousands digit of 1796?
1
What is the hundreds digit of 25095?
0
What is the thousands digit of 3310?
3
What is the thousands digit of 21760?
1
What is the thousands digit of 3552?
3
What is the tens digit of 7242?
4
What is the hundreds digit of 6568?
5
What is the tens digit of 6048?
4
What is the hundreds digit of 15364?
3
What is the hundreds digit of 1666?
6
What is the thousands digit of 22734?
2
What is the hundreds digit of 129822?
8
What is the units digit of 1545?
5
What is the tens digit of 1377?
7
What is the ten thousands digit of 22033?
2
What is the hundreds digit of 1150?
1
What is the thousands digit of 4309?
4
What is the hundreds digit of 8475?
4
What is the units digit of 105?
5
What is the tens digit of 6719?
1
What is the tens digit of 967?
6
What is the hundreds digit of 42953?
9
What is the hundreds digit of 3003?
0
What is the thousands digit of 22185?
2
What is the tens digit of 769?
6
What is the thousands digit of 9643?
9
What is the hundreds digit of 13552?
5
What is the units digit of 76?
6
What is the units digit of 28545?
5
What is the thousands digit of 89011?
9
What is the tens digit of 1343?
4
What is the tens digit of 9388?
8
What is the units digit of 170721?
1
What is the units digit of 1129?
9
What is the ten thousands digit of 119257?
1
What is the thousands digit of 3022?
3
What is the thousands digit of 2142?
2
What is the tens digit of 135060?
6
What is the thousands digit of 96738?
6
What is the tens digit of 2001?
0
What is the thousands digit of 29016?
9
What is the units digit of 3090?
0
What is the tens digit of 1245?
4
What is the ten thousands digit of 92382?
9
What is the hundreds digit of 624?
6
What is the units digit of 953?
3
What is the tens digit of 1836?
3
What is the hundreds digit of 1667?
6
What is the units digit of 6626?
6
What is the tens digit of 8007?
0
What is the hundreds digit of 1617?
6
What is the tens digit of 40904?
0
What is the units digit of 1043?
3
What is the units digit of 6405?
5
What is the units digit of 2621?
1
What is the units digit of 2436?
6
What is the thousands digit of 4219?
4
What is the ten thousands digit of 12099?
1
What is the tens digit of 1731?
3
What is the thousands digit of 8476?
8
What is the thousands digit of 2181?
2
What is the tens digit of 564?
6
What is the thousands digit of 84688?
4
What is the units digit of 3015?
5
What is the units digit of 551?
1
What is the thousands digit of 1533?
1
What is the hundreds digit of 30063?
0
What is the hundreds digit of 820?
8
What is the tens digit of 8466?
6
What is the ten thousands digit of 45841?
4
What is the tens digit of 36382?
8
What is the hundreds digit of 70753?
7
What is the hundreds digit of 40334?
3
What is the units digit of 493?
3
What is the units digit of 6193?
3
What is the hundreds digit of 83851?
8
What is the units digit of 4786?
6
What is the tens digit of 1839?
3
What is the thousands digit of 16221?
6
What is the hundreds digit of 2427?
4
What is the units digit of 1727?
7
What is the units digit of 82766?
6
What is the units digit of 2564?
4
What is the thousands digit of 1273?
1
What is the hundreds digit of 69864?
8
What is the units digit of 635?
5
What is the tens digit of 1560?
6
What is the hundreds digit of 2508?
5
What is the hundreds digit of 19463?
4
What is the units digit of 2620?
0
What is the units digit of 11481?
1
What is the units digit of 13668?
8
What is the thousands digit of 2722?
2
What is the hundreds digit of 339?
3
What is the tens digit of 9011?
1
What is the tens digit of 36812?
1
What is the hundreds digit of 6029?
0
What is the hundreds digit of 13135?
1
What is the hundreds digit of 16429?
4
What is the units digit of 48499?
9
What is the units digit of 4350?
0
What is the units digit of 7666?
6
What is the tens digit of 1132?
3
What is the thousands digit of 50852?
0
What is the thousands digit of 10503?
0
What is the thousands digit of 21524?
1
What is the units digit of 1367?
7
What is the thousands digit of 41879?
1
What is the tens digit of 40822?
2
What is the tens digit of 78598?
9
What is the tens digit of 301?
0
What is the tens digit of 2377?
7
What is the tens digit of 2099?
9
What is the hundred thousands digit of 100627?
1
What is the thousands digit of 35789?
5
What